 -102. Suppose z = c + 10. Calculate the greatest common factor of 396 and z.
44
Suppose -9*y = 181 - 10. Let k = y - -77. What is the greatest common factor of k and 174?
58
Let f = 5467 - 3531. Suppose 174*n - f = 163*n. Calculate the highest common divisor of 16 and n.
16
Suppose -15 = -11*x + 29. Suppose 116 = 2*t + x*u - 198, u - 821 = -5*t. What is the greatest common factor of t and 60?
15
Let r(l) = -69*l. Let u be r(-8). Let h be 4 + 73668/1134 + (-2)/(-54). What is the greatest common factor of u and h?
69
Let f(i) = -i**2 + 2*i + 21 + 12*i**2 + i**3 - 8*i**2. Let z be f(0). Calculate the highest common factor of z and 7.
7
Let c(o) = 3*o**2 + 13*o - 10. Suppose a - 17 = 3*a + x, -2*x - 13 = a. Let j be c(a). Calculate the greatest common factor of j and 2.
2
Let c be 34/(-85) - (-13)/(65/162). What is the highest common factor of 11616 and c?
32
Suppose 153 = 10*m + 63. Suppose 0 = -m*y - 175 + 337. Calculate the greatest common factor of 204 and y.
6
Let w(c) = -c**2 + 21*c - 67. Let x be w(18). Let m be 45/(-6)*(-20)/(-6). Let d = x - m. Calculate the highest common factor of d and 30.
6
Let m be 3*((-91064)/(-42) + (-12)/(-84)). Calculate the greatest common factor of m and 15.
5
Suppose 0 = -m - 28*u + 31*u + 40, -4*m + 194 = 5*u. Let d = 50 - m. Suppose 3 + 0 = -3*z, -o + 4*z + 16 = 0. What is the highest common factor of d and o?
4
Let i(x) = -2*x**2 - 148*x + 68. Let m be i(-68). What is the highest common factor of 468 and m?
52
Let x(q) = -q**3 - 13*q**2 - 103*q - 1305. Let r be x(-15). What is the greatest common divisor of r and 1150?
230
Let q = 688 - 708. Let d be 456/9 + q/30. Calculate the greatest common factor of 850 and d.
50
Suppose 3 = 32*a - 31*a. Suppose a*z + 2*l = 232, -8*l = -2*z - 4*l + 160. Calculate the greatest common divisor of 12 and z.
6
Let i(n) = 2*n**3 + 91*n**2 - 86*n + 19. Let b be i(-46). Calculate the highest common factor of b and 11.
11
Let l be (7 + -22)/((-27)/99). Suppose 0 = -5*f - 4*n + 821, -2*f + 39 = n - 290. Calculate the highest common factor of l and f.
55
Suppose 880 = -42*u + 52*u. Suppose 44*c = 55*c - u. What is the greatest common factor of c and 5?
1
Let u = 153 + -153. Suppose 7*j - 4*j + 5*c - 736 = u, 5*c + 776 = 3*j. What is the highest common divisor of 56 and j?
28
Let u(x) = x**2 - 81*x + 792. Let f be u(99). Calculate the greatest common factor of 234 and f.
234
Suppose 3*p + 3*t = -17 - 16, 0 = 3*p - 2*t + 28. Let y(l) = -l + 4 + 43 + 2 - 11. Let z be y(p). What is the highest common factor of z and 12?
12
Let a = -6573 + 6658. What is the greatest common factor of a and 6885?
85
Suppose 4*r - j - 73 - 106 = 0, -4*j + 208 = 5*r. Suppose 43*z + 32 = r*z. Suppose -69*k + z = -65*k. What is the greatest common divisor of k and 88?
8
Suppose -26*f + 12*f + 3710 = 0. Let q = f - 248. What is the greatest common factor of 136 and q?
17
Let m(z) = 15*z**3 - 3*z**2. Let p be m(2). Suppose -276 = -2939*r + 2935*r + 3*s, 4*s + 56 = r. Calculate the highest common divisor of p and r.
36
Suppose 0 = -5*h - 4*t + 1494, -t = 2*h - 2*t - 595. Let k = -281 + h. Calculate the highest common divisor of 1921 and k.
17
Let w(g) = -303*g - 906. Let d be w(-35). What is the greatest common factor of 61 and d?
61
Let x be -1 - (230/(-2))/1. Let q be (-54)/108 + (-342)/(-12) + -22. What is the greatest common factor of q and x?
6
Let n(u) = 8*u + 87. Let z be n(-10). Suppose -3*v - 2*m = -z*v + 1098, -3*v + 3*m = -831. Calculate the highest common divisor of 102 and v.
34
Let d(n) = 10*n**2 + 7*n + 7. Let v be d(-3). Let a = v + -4. Suppose 48 = 12*c - 48. Calculate the highest common divisor of a and c.
8
Suppose -w + 75 = -c, 4*w - 4*c - 220 = w. Suppose -61*i + 56*i = -600. Calculate the greatest common divisor of i and w.
40
Let o = -8362 - -8544. Calculate the greatest common divisor of 308 and o.
14
Suppose -3*i = -q + 30, 3*i + 5*q = -3 - 9. Let u be i/3 + (79 - 4/(-2)). Calculate the greatest common divisor of 117 and u.
39
Suppose 0*k = -4*k - 4*z + 272, 2*k + 4*z - 128 = 0. Calculate the highest common divisor of k and 684.
36
Suppose -234 = 26*q - 20*q. Let t = -5 - q. What is the greatest common divisor of 629 and t?
17
Let o = 12 + -6. Suppose -5*w + o = -4*w. Suppose 0*l - 5*l + 87 = -6*s, -4*s = 2*l - 54. Calculate the greatest common factor of w and l.
3
Let c(i) = -8*i**2 + 215*i - 116. Let w be c(26). What is the highest common divisor of 10296 and w?
66
Let x = -6265 + 6275. Calculate the highest common factor of x and 158.
2
Let f(i) = -i**2 - 45*i - 50. Let k be f(-38). Suppose h = -2*h + 3*u + 132, -5*h + k = -3*u. What is the greatest common factor of h and 12?
6
Suppose -3*v = 21*r - 17*r - 159, 183 = 4*r - 5*v. Let y = -13 + 22. Calculate the greatest common factor of r and y.
3
Let k = -103 - -174. Calculate the greatest common factor of k and 8662.
71
Let r(o) = o**3 - 14*o**2 - 7*o + 20. Let d be r(14). Let a = 79 + d. What is the highest common factor of 11 and a?
1
Let r = 26 - -111. Let k = 80 + r. Calculate the highest common divisor of k and 14.
7
Let b be (-174)/(-21) + (-6)/21. Suppose 2*r - b = -2*r, -r - 2 = 4*j. Let c be -2 - (-38)/(1/(j + 2)). Calculate the greatest common factor of 4 and c.
4
Let n = -55 + -66. Let h = -65 - n. Suppose 0 = 5*f - 40. What is the greatest common factor of h and f?
8
Let w be 9882/(-915)*10/(-2). Calculate the greatest common factor of w and 120.
6
Let s be 126*2/(-4)*(144/14)/(-3). Calculate the greatest common factor of 256 and s.
8
Let o = 82 + -70. Suppose 4*a - 41 = -13*w + o*w, 37 = 2*a - 5*w. Calculate the greatest common divisor of 44 and a.
11
Let y be 6/(-4)*(-80)/6. Suppose -1380*q + 1436*q - 34720 = 0. Calculate the greatest common divisor of q and y.
20
Suppose -m = -2*f + 1851, f - 933 = -45*m + 48*m. What is the greatest common factor of 60 and f?
12
Let a be 33 - ((-49 - -63) + -5). Let y(b) = -b**3 - b**2 + 5*b + 3. Let t be y(-3). What is the highest common divisor of a and t?
6
Suppose 100*b - 57627 = -29*b - 18927. Calculate the highest common factor of b and 3780.
60
Suppose -2*n - 4*s + 217 - 7 = 0, 4*s = n - 105. What is the highest common divisor of 2370 and n?
15
Suppose -420*o + 209*o = -190*o - 357. What is the highest common factor of o and 3876?
17
Let q be 0 - (-28)/5 - 12/(-30). Suppose q*v - 135 - 171 = 0. What is the highest common divisor of 3 and v?
3
Suppose 0 = -5*m + 5*h - 60, m - 3*h = h. Let t = -13 + 3. Let x be 1/(-3)*(m - t). Calculate the highest common factor of 34 and x.
2
Let b be 0 + 105 + (1 - 0). Suppose -356*n = -90513 - 60431. What is the highest common factor of b and n?
106
Suppose -5*h - 120 = -5*o, 35 = -3*h - 2*o - 27. Let g be 4852/36 - (1 + h/18). What is the greatest common divisor of 18 and g?
9
Let c(h) = 2*h + 0*h + 123 + 3*h + 63 + 49. Let j be c(-42). Suppose -l - 4*l - 520 = -4*p, 4*p + l - 496 = 0. What is the greatest common divisor of j and p?
25
Let g be (-80 - -131)/(3 - 2). What is the greatest common factor of g and 2227?
17
Let g be ((100/6)/2)/(1/18). Let m = g + -141. Calculate the greatest common factor of 81 and m.
9
Let j(v) = -2*v**3 + 1 + v - 12*v + v**3 - 10*v**2 + 4*v**2. Let q be j(-4). Calculate the highest common divisor of 143 and q.
13
Let x = -3896 - -19400. Calculate the greatest common factor of x and 171.
57
Let b be ((-88)/(-24) - 3)/(3/2520). Suppose 2*i = 30*i - b. What is the greatest common factor of 24 and i?
4
Let k be (64/5)/(-2 + 64/30). Suppose 0 = 22*l - 37*l + 360. Calculate the highest common factor of k and l.
24
Let q(m) = m**2 - 4*m - 5. Let i be q(-5). Let f = -29 + 240. Let k = f + -91. What is the greatest common factor of k and i?
40
Let a(l) = 7*l**2 - 125*l + 766. Let s be a(7). Calculate the highest common factor of 54 and s.
18
Suppose 3*f = -18, 0 = 3*v - 3*f + 53 - 302. What is the greatest common divisor of 11 and v?
11
Let m be 6/(((-12)/(-400))/(108/5)). What is the highest common factor of 10 and m?
10
Let w be (-27)/(-180)*25 - 2/(-8). Suppose 0 = -0*a + 2*a - 4*k - 304, w*k - 146 = -a. What is the greatest common factor of 75 and a?
75
Let u = 41 + 344. Let n = -357 + u. What is the highest common factor of 7 and n?
7
Suppose -5*w = -c + 473, 14*c + 2405 = 19*c - 5*w. Let a = -6 + 13. Calculate